5
List the prime factors of 5*(-2 + 152451/65).
11717
Suppose -6 = -2*m - r + 3, 5*m = r + 19. Suppose -2*a + m*o - 96 = -5*a, -5*a = -2*o - 186. List the prime factors of a.
2, 3
Let a = -9128 + 15804. List the prime factors of a.
2, 1669
Suppose j + 6*j = -70. Let a be (-4)/(-10) - 36/j. Suppose 3*h - 2*i - 158 = 0, -2*i = -3*h - a*i + 154. List the prime factors of h.
2, 13
Suppose 28*n + 50390 = 656326 - 5448. List the prime factors of n.
2, 10723
Suppose -456*x + 31*x = -81*x - 8078496. List the prime factors of x.
2, 3, 19, 103
Suppose 2*c - 36 = -4. Let w = c + -10. What are the prime factors of -6*(-28)/16*52/w?
7, 13
Let v = 21 + -20. Let t(i) = 325*i**3 - i**2 + i - 1. Let q be t(v). Suppose -2*u - q = -6*u. What are the prime factors of u?
3
Suppose -257*s + 210*s = -699642. What are the prime factors of s?
2, 3, 827
Let w(n) = n**3 - 5*n**2 + n - 5. Let z(q) = 3*q - 11. Let d be z(8). Let v = d - 7. What are the prime factors of w(v)?
37
What are the prime factors of 705576/108 + 7/(-63)?
47, 139
Suppose -3813884 - 4104827 = -287*s + 1317236. List the prime factors of s.
3, 17, 631
Suppose -x - 4*q + 1661 = 0, -3*q = -0*x - 3*x + 4908. Suppose -984 - x = -7*o. List the prime factors of o.
3, 5
Let q = -1178 + 13342. What are the prime factors of q?
2, 3041
Suppose -4*n + 62350 = 5*z - 0*n, 0 = n - 2*n. List the prime factors of z.
2, 5, 29, 43
Suppose -b - 2*r + 424 = 60, -2*b + 2*r + 752 = 0. Suppose -1917 = 59*f - 50*f. Let i = b + f. What are the prime factors of i?
3, 53
Let t = 51 + 246. Suppose -2*o = 6, -5*m - o + t = -1435. List the prime factors of m.
347
Let s = -6582 + 18171. What are the prime factors of s?
3, 3863
Suppose -85*i + 16 = -84*i. Suppose 2*v = 8, 13*h - i*h - 2*v + 1088 = 0. List the prime factors of h.
2, 3, 5
Suppose 0 = 8*h + 93 - 245. Let v = 211 + h. List the prime factors of v.
2, 5, 23
Suppose 2*q = -4*q - 7*q. List the prime factors of -42*3/1*-5 - q.
2, 3, 5, 7
Let m be -7 + 3 + -1 + 12. Suppose 0 = 6*y - m*y + 8. Suppose 0 = -y*v - v + 657. What are the prime factors of v?
73
Let m(w) = w**2 + 4*w - 5. Let a be m(2). Suppose 0 = a*f + f - 4968. List the prime factors of f.
3, 23
Suppose h + 90 = -4*v - h, -2*h + 78 = -3*v. Let g = v - -27. Suppose -g*x + 2*z + 815 = 0, 18 = -3*x - 4*z + 845. What are the prime factors of x?
3, 7, 13
Let g(d) = -d**2 - 10*d + 137. Let w be g(40). Let n = -435 - w. List the prime factors of n.
2, 3, 7, 17
Let s = 26091 - 17861. Suppose s = 6*k + 436. List the prime factors of k.
3, 433
Let k(i) = -8*i**2 + 2*i + 8*i**2 - 10 + i**3 + i + 11*i**2. Let q be k(-12). Let l = q - -337. What are the prime factors of l?
3, 7
Let z be -107*4/(-12)*21. Let r = z - 333. What are the prime factors of r?
2, 13
Let t(z) = z**2 - 9*z + 9079. List the prime factors of t(0).
7, 1297
Let t(l) = l**2 + 4*l + 24. Let z be t(-3). Let f be (z - 0) + -1 - (0 - 0). Suppose 300 = 23*p - f*p. What are the prime factors of p?
2, 5
Let f(j) = -48*j + 57. List the prime factors of f(-14).
3
Let n(l) = -3196*l - 1295. What are the prime factors of n(-6)?
17881
What are the prime factors of -1706*3*(-165)/55?
2, 3, 853
Let r be (12/5)/((-8)/(-40)). Let m be 5/(-1)*r/30. What are the prime factors of (-6)/15*245*m?
2, 7
Let s(t) = -3*t - 8*t**3 - 77647*t**2 + 13 + 77646*t**2 - t**3. What are the prime factors of s(-5)?
2, 3, 47
Suppose 3*y - c + 14893 = 0, -5*y + 0*y - 5*c = 24855. Let d = -3392 - y. What are the prime factors of d?
2, 787
Suppose 0 = 169*j + 1083597 - 4761713. List the prime factors of j.
2, 5441
Suppose -4*s + 2*j = -9574, -j = 3*s - 4334 - 2839. Suppose 141*w - s = 137*w. What are the prime factors of w?
2, 13, 23
What are the prime factors of (-60)/9 + (-2841550)/(-510)?
3, 5, 7, 53
Let b = 91 + 1644. List the prime factors of b.
5, 347
Let l be 4 + (-80)/35 - 4/(-14). Suppose -l*z - 90 + 56 = 0. What are the prime factors of 214/4 + z/34?
53
Let b(m) = -2*m**2 - 10*m - 13. Let v be b(-4). What are the prime factors of (-8)/(-6) + ((-22095)/27)/v?
3, 5, 11
Let l(n) = 4*n**2 + 3704. List the prime factors of l(0).
2, 463
What are the prime factors of (-44)/(-55)*(2752 - -8)?
2, 3, 23
Let v be (-48)/(-4)*(-2)/(-6). Suppose 0 = 5*c - 0*q + 2*q - 988, v*c - 795 = 3*q. What are the prime factors of c?
2, 3, 11
Let n(z) = -2*z**3 + 22*z**2 + 4*z + 21. Let r(x) = -x**3 + x**2 + 1. Suppose 11*v = 15*v - 12. Let k(h) = v*r(h) - n(h). List the prime factors of k(-19).
2, 29
Suppose -3*r + 3725 = 4*f, -145*r + 5*f = -143*r - 2445. What are the prime factors of r?
5, 13, 19
Let y be 0 + (-2556)/8*-14. Suppose -1116 = -p + 3*j, 3*j - y = -4*p + 6*j. What are the prime factors of p?
3, 373
Suppose 9*l + 2*l + 38*l - 31360 = 0. What are the prime factors of l?
2, 5
Suppose c = -3*b + 111, -137 - 11 = -4*b - 5*c. Suppose -b = -8*t + 11. What are the prime factors of (4/t)/(12/180)?
2, 5
Let p = 12129 - 12156. Suppose 15 = 3*m, 5*l + 3*m = -2*m + 5. What are the prime factors of 4 - (-2448)/54*p/l?
2, 5, 31
Let d(f) = -f**3 + 13*f**2 + 18*f + 7. Suppose -163 = 5*j - 13. Let v = j + 44. What are the prime factors of d(v)?
3, 7
Suppose 365*a - 3453715 - 468844 = 3365031. List the prime factors of a.
2, 67, 149
Suppose 0 = 7*k - 870 + 534. Let q = 1156 - k. What are the prime factors of q?
2, 277
Suppose -11*k + 35748 = 7744 - 158611. List the prime factors of k.
3, 5, 13, 29
Let f(j) = 3*j**3 + 2*j**2 + 21*j - 18. Let a be f(-7). Let n = a - -2019. What are the prime factors of n?
13, 71
Let f(i) = -663*i - 16. Let r be f(-2). Let t = r - 104. What are the prime factors of t?
2, 3, 67
Let y = -16 - -23. Let j(k) = -3*k + 25. Let l(m) = -4*m + 25. Let i(h) = 4*j(h) - 5*l(h). List the prime factors of i(y).
31
Suppose 21*q = 9*q + 277533 - 62925. What are the prime factors of q?
2, 17, 263
Let b be ((-26)/(-4))/((-6)/4 + 2). Let f(u) = 3*u**2 - 13*u + 47. What are the prime factors of f(b)?
5, 7, 11
Suppose -29*x - 29028 - 6613 = 0. Let t = 1786 + x. List the prime factors of t.
557
Suppose 0 = 44*t - 261559 - 406669. What are the prime factors of t?
15187
Let n(p) = -1028*p + 280. Let x(a) = -343*a + 93. Let y(s) = 3*n(s) - 10*x(s). What are the prime factors of y(4)?
2, 647
Let t = 20586 - 15868. What are the prime factors of t?
2, 7, 337
Let m = 178 - 220. Let g = m + 176. What are the prime factors of g?
2, 67
Let n(v) = -18*v**2 - 5*v - 4. Let z be n(-1). List the prime factors of 1 + 98*z/(-2).
2, 3, 139
Let v(c) = -c**3 + 23*c - 136. Let y be v(-21). Suppose y + 1298 = 20*i. What are the prime factors of i?
7, 71
Let f = 47 - 43. Let u = -5 - f. List the prime factors of (-314)/(-4) + 2/(5 + u).
2, 3, 13
Let s = 605 + -600. Suppose -5*h + 3*m = -6564, 2*h + 3946 = s*h + 2*m. What are the prime factors of h?
2, 3, 73
What are the prime factors of 119/(4 - 3402/854)?
7, 17, 61
Let s = 12418 - 8435. List the prime factors of s.
7, 569
Let x = 5 - 9. Let o be ((-16)/6 - -1) + x/12. What are the prime factors of (4*o/12)/((-2)/279)?
3, 31
Suppose -25 + 142 = 9*a. Suppose 21*l - a*l = 5184. List the prime factors of l.
2, 3
Let x(w) be the second derivative of -253*w**3/6 - 31*w**2/2 - 24*w. What are the prime factors of x(-4)?
3, 109
Let d(g) be the third derivative of 3*g**4/8 - g**3/2 - 6*g**2. Let y be d(-1). Let f = y - -73. List the prime factors of f.
61
Let o be 2/(93/62 - 5962/3980). Let p = -654 + o. List the prime factors of p.
11, 31
Suppose -273*p + 271*p - 6946 = -3*r, -3*p - 11575 = -5*r. List the prime factors of r.
2, 17
Let l = -20 - -30. Let p be l/(-35) + (-80)/14. Let g = 9 - p. What are the prime factors of g?
3, 5
Suppose 7515 = 5*y - 5*f, -57*f + 55*f - 4 = 0. What are the prime factors of y?
19, 79
Suppose 6 = 18*n - 48. Suppose 0 = n*i + 247 - 865. What are the prime factors of i?
2, 103
Let i(w) = -627*w + 360*w - 36 + 325*w. List the prime factors of i(10).
2, 17
Suppose 28*n + 12353 = 4*n + 672473. What are the prime factors of n?
5, 5501
Let t be 42964/28 - (184/(-28) - -7). Suppose -11*o + t = -17540. What are the prime factors of o?
2, 3, 17
Let g = 301 - 297. Suppose -5*u - 3549 = -4*f, g*u = f + u - 882. List the prime factors of f.
3, 11
Let v = 1502 - 909. Suppose o = 1, 3*i + 0*i - 16 = -o. Suppose -v - 72 = -i*b. What are the prime factors of b?
7, 19
Le